e the greatest common factor of 233007 and 5151.
303
Calculate the greatest common divisor of 47168 and 76736.
704
Calculate the highest common divisor of 12444660 and 18.
18
Calculate the greatest common divisor of 63591 and 65659.
517
What is the greatest common divisor of 76071 and 42?
3
What is the greatest common divisor of 165452 and 39497?
311
What is the greatest common factor of 120 and 667280?
40
What is the highest common divisor of 901 and 1484?
53
What is the greatest common factor of 5720 and 76120?
440
Calculate the highest common factor of 2807 and 124711.
401
What is the greatest common divisor of 755 and 239335?
755
What is the highest common factor of 1015 and 814900?
145
What is the greatest common factor of 576585 and 27?
27
What is the greatest common divisor of 16038 and 1?
1
What is the highest common divisor of 280210 and 6?
2
Calculate the greatest common divisor of 8484 and 1680.
84
What is the highest common divisor of 1742842 and 604?
302
What is the highest common factor of 3172 and 2292563?
793
What is the greatest common factor of 9284 and 308?
44
What is the greatest common factor of 1973940 and 167?
167
Calculate the greatest common factor of 15975 and 307785.
1065
Calculate the highest common divisor of 13718557 and 529.
529
What is the greatest common factor of 1119 and 234244?
373
What is the highest common divisor of 398 and 1012313?
199
Calculate the highest common factor of 41 and 2559.
1
What is the greatest common factor of 9518437 and 1763?
1763
What is the highest common divisor of 48317 and 1007?
19
Calculate the highest common divisor of 198 and 129426.
66
What is the highest common divisor of 27630 and 60?
30
Calculate the highest common divisor of 118 and 746822.
118
Calculate the highest common divisor of 51619 and 41.
41
Calculate the greatest common factor of 25091 and 33.
11
What is the highest common factor of 8944 and 10836?
172
Calculate the greatest common factor of 2847 and 43290.
39
Calculate the highest common divisor of 3905036 and 68.
68
What is the highest common divisor of 67 and 6263?
1
What is the highest common factor of 35 and 228685?
5
Calculate the greatest common factor of 287 and 20582.
41
Calculate the greatest common divisor of 3939 and 29694.
303
Calculate the greatest common factor of 68665 and 5115.
155
What is the highest common divisor of 275600 and 318?
106
What is the highest common divisor of 1043 and 1883658?
1043
What is the greatest common factor of 46 and 66930?
46
What is the highest common divisor of 230 and 310?
10
What is the greatest common factor of 880294 and 102?
34
Calculate the highest common divisor of 80 and 516304.
16
Calculate the greatest common factor of 104448 and 192.
192
What is the greatest common divisor of 1173 and 51?
51
What is the highest common divisor of 180 and 1121220?
180
Calculate the greatest common divisor of 7248 and 18336.
48
Calculate the highest common divisor of 37645 and 55.
5
Calculate the highest common factor of 12123 and 864.
27
Calculate the greatest common factor of 570 and 326420.
190
Calculate the greatest common divisor of 96334 and 3724.
98
What is the highest common factor of 34182 and 230834?
422
Calculate the greatest common factor of 87636 and 1407.
201
What is the greatest common divisor of 6057816 and 24?
24
What is the highest common divisor of 1230 and 5880?
30
Calculate the highest common divisor of 50 and 42050.
50
What is the highest common factor of 137427 and 57?
57
Calculate the highest common divisor of 1630 and 11690.
10
What is the greatest common factor of 255 and 354790?
85
Calculate the highest common divisor of 29928 and 1740.
348
What is the highest common factor of 404 and 456015?
101
What is the highest common divisor of 5187616 and 56?
56
What is the greatest common factor of 26 and 113607?
13
Calculate the greatest common divisor of 173 and 289948.
173
Calculate the greatest common factor of 2112 and 28608.
192
What is the greatest common factor of 5136 and 1842?
6
What is the greatest common divisor of 1444 and 14782?
38
What is the highest common divisor of 228 and 596676?
228
What is the greatest common divisor of 1080123 and 213?
213
What is the highest common divisor of 237460 and 1240?
620
Calculate the highest common factor of 123948 and 9108.
396
What is the greatest common factor of 39071 and 11414?
439
What is the greatest common factor of 60 and 2516880?
60
What is the highest common factor of 30 and 319305?
15
Calculate the greatest common factor of 19 and 148067.
19
What is the greatest common divisor of 578 and 532049?
289
Calculate the greatest common factor of 2620 and 2020.
20
Calculate the greatest common divisor of 657 and 729.
9
Calculate the greatest common divisor of 1 and 158924.
1
Calculate the greatest common divisor of 69 and 6297.
3
Calculate the greatest common divisor of 6759 and 72.
9
Calculate the greatest common factor of 2457 and 31213.
91
Calculate the greatest common divisor of 174672 and 272.
16
Calculate the highest common divisor of 1526 and 14606.
218
Calculate the highest common factor of 289 and 298248.
289
Calculate the highest common factor of 91 and 298233.
13
Calculate the highest common factor of 46 and 231449.
23
What is the highest common divisor of 837 and 40083?
93
What is the highest common divisor of 648 and 4542?
6
Calculate the highest common factor of 3262 and 10951.
233
What is the greatest common divisor of 17433 and 7488?
117
Calculate the highest common divisor of 22545 and 810.
135
What is the highest common factor of 6 and 55662?
6
Calculate the highest common divisor of 42718 and 2821.
403
What is the greatest common factor of 34 and 576878?
34
Calculate the greatest common factor of 487 and 1778037.
487
What is the greatest common divisor of 209772 and 54?
18
What is the highest common factor of 24 and 20310?
6
What is the greatest common divisor of 130 and 8450?
130
What is the greatest common factor of 699 and 11417?
233
What is the highest common factor of 73914 and 127?
127
What is the greatest common divisor of 5205 and 45?
15
What is the highest common divisor of 1620 and 996840?
540
Calculate the greatest common factor of 91 and 22451.
13
Calculate the highest common divisor of 74 and 92389.
37
Calculate the greatest common factor of 33 and 804364.
11
What is the greatest common divisor of 31176 and 288?
72
Calculate the greatest common divisor of 90 and 4608.
18
Calculate the greatest common factor of 32326 and 133.
7
Calculate the highest common factor of 996 and 693465.
249
Calculate the highest common divisor of 190519 and 476.
119
What is the highest common factor of 8184 and 861552?
744
What is the greatest common divisor of 21915 and 405?
45
What is the highest common divisor of 58819 and 11225?
449
Calculate the greatest common divisor of 1404552 and 43.
43
Calculate the greatest common factor of 715 and 25597.
143
Calculate the highest common factor of 1792 and 26768.
112
What is the greatest common divisor of 575979 and 111?
111
What is the greatest common divisor of 1188 and 47388?
132
What is the greatest common factor of 30096 and 1944?
72
What is the highest common divisor of 226 and 3354518?
226
What is the highest common factor of 1669525 and 25?
25
What is the highest common factor of 3744 and 12402?
234
Calculate the highest common divisor of 7 and 6017333.
7
Calculate the greatest common divisor of 56314 and 370.
74
Calculate the greatest common divisor of 46722 and 13.
13
Calculate the greatest common factor of 192060 and 3300.
660
What is the greatest common divisor of 12 and 1362?
6
What is the highest common divisor of 22648 and 2736?
152
Calculate the highest common factor of 605200 and 136.
136
Calculate the greatest common factor of 12040 and 245560.
280
Calculate the greatest common divisor of 474267 and 149.
149
What is the highest common factor of 787 and 1839219?
787
Calculate the highest common divisor of 18396 and 8820.
252
Calculate the greatest common factor of 20049 and 82.
41
Calculate the greatest common divisor of 74337 and 37692.
1047
Calculate the greatest common factor of 13184 and 41612.
412
What is the greatest common factor of 1312 and 110272?
32
Calculate the greatest 